or of b and 2077.
67
Let d(k) be the second derivative of k**4/6 + 17*k**3/3 - 11*k**2 - 31*k + 1. Let z be d(-18). Calculate the greatest common divisor of 6 and z.
2
Let a = -351 + 231. Let b = a - -129. Let p be (4 - 3)*24/2. What is the greatest common divisor of p and b?
3
Suppose -4*l - 3*p = -5, -4*l + 54*p = 58*p. Suppose 5*b + 15 = 0, l*u + 2*b + 656 = 3030. What is the greatest common divisor of 56 and u?
28
Suppose 2*s = -14*q + 1176, -4*s + 227 = q + 2*q. What is the greatest common divisor of q and 68?
17
Suppose -15 + 123 = 3*y. Suppose 3*t = -g - g + 20, -g + 5*t = -y. Calculate the highest common divisor of g and 16.
16
Suppose 2*m - 60 = -0*d + 3*d, 0 = -3*d - 6. Let g be (4 + -2 + 7)/(m/1053). Calculate the greatest common divisor of g and 27.
27
Let d(p) = 2*p**3 + 24*p**2 - 9*p - 20. Let f be d(-6). What is the highest common divisor of 6 and f?
2
Let w be -18*-4*(-1)/30*-5. Let y be (3 + 273/9)*w. Calculate the highest common divisor of y and 60.
20
Let c be 133/(-171) + 4/(-18). Let d be (1*(-33)/(-6))/(c/(-22)). Calculate the highest common factor of d and 22.
11
Let b(d) = -d**3 + 7*d**2 + 322*d - 65. Let t be b(-15). What is the greatest common factor of t and 1045?
55
Let s(b) = 133*b**2 - b. Let p be s(1). Let y = 1649 + -1637. What is the greatest common divisor of y and p?
12
Let u be (-5336)/12*3/(-2). Let w = u - 629. What is the greatest common factor of w and 988?
38
Let n = 122 + -121. Suppose -2*s = 5*j + 51, -2*s + 0*s + 5*j - n = 0. Let h be (-290)/(-3) - -2 - s/39. Calculate the greatest common divisor of h and 18.
9
Let p(j) = 3*j**2 + 14*j + 24. Let q be p(6). Suppose -5*s = -13*c + 12*c + q, -5*c + 4*s + 1143 = 0. Calculate the greatest common factor of c and 33.
33
Suppose -8*l + 17*l = 162. Let t be 74/l - 4/36. Calculate the highest common factor of 38 and t.
2
Suppose a + 2*a - 30 = -4*t, -5*t + 47 = -a. Let d be 50 + 1/(t/(-6) + 1). Let u = 49 + -43. Calculate the highest common factor of u and d.
6
Let r = -1363 - -2448. Calculate the greatest common factor of 70 and r.
35
Let l = -85 - -244. Let b = l + -131. Calculate the greatest common factor of 63 and b.
7
Let j(r) = r - 10. Let q be j(9). Let w be (4/(-3))/(q/9). What is the greatest common divisor of 30 and w?
6
Suppose 0 = 2*c - z - 6, -2*c - 5*z = -0*c + 6. Let m(j) = -j**3 - 15*j**2 - 2*j - 25. Let x be m(-15). Calculate the highest common divisor of x and c.
1
Let y(u) = u**3 - 9*u**2 + 17*u - 24. Let r = -508 + 516. Let j be y(r). Calculate the highest common factor of 360 and j.
24
Let g(m) = -777*m - 722. Let i be g(-2). What is the greatest common divisor of i and 468?
52
Let o = -6 - -6. Let m(p) = 26*p - 92 + 116 - 25*p + p**3. Let c be m(o). Calculate the greatest common factor of 6 and c.
6
Let y = -73 - -138. Let a(z) = -33*z - 224. Let u be a(-6). Let v be ((-170)/20 + 11)*u/(-5). What is the greatest common factor of v and y?
13
Suppose 2*m = -6, 289*u + 3*m - 10203 = 285*u. Calculate the highest common divisor of 138 and u.
69
Let c = 156 + -136. Let x = 38 - c. Let y = -8 - -11. Calculate the greatest common factor of y and x.
3
Let d = -9 - -27. Suppose d*h - 19*h = -32. Calculate the greatest common factor of 176 and h.
16
Let o = -10635 + 12168. What is the greatest common divisor of 35 and o?
7
Suppose y - 252 = -5*n, -6*n + 5*y - 299 = -651. What is the greatest common divisor of n and 16640?
52
Let w = -5387 - -17775. Calculate the greatest common divisor of w and 76.
76
Let f = -153 - -388. Suppose 240*p = f*p + 240. Calculate the greatest common divisor of p and 32.
16
Let a be -706*6/(108/(-333)). Calculate the highest common divisor of a and 37.
37
Suppose -2*t + 5*i - 59 - 47 = 0, 5*i + 66 = -2*t. Let q = t + 82. Let a(o) = -153*o - 13438. Let b be a(-88). What is the greatest common factor of q and b?
13
Suppose -375 = -5*h - 25. Let j be 15/3 + h + -3. Let w = 126 + -90. Calculate the greatest common divisor of j and w.
36
Let x(m) = 2*m + 36. Suppose -3*h + 4*c + 0*c + 142 = 0, -4*h + 210 = 5*c. Let w = h - 65. Let o be x(w). Calculate the greatest common divisor of o and 2.
2
Let g be -4 - ((897/(-4))/3 + (-285)/(-380)). Let m be 8/(-5)*140/(-8). What is the highest common factor of m and g?
14
Suppose -110*w - 109*w = 252*w - 3768. Suppose -2*s + 239 = -17. Calculate the greatest common factor of w and s.
8
Suppose 229*c = -23087 + 114731 + 120181. What is the highest common divisor of c and 175?
25
Let l = -38 - -45. Suppose 107 = -l*w + 30. Let n(q) = -q - 5. Let b be n(w). What is the greatest common factor of b and 4?
2
Suppose 532 = 4*n - 3*s - 22, 0 = s - 2. Let l be n/7 + (-6)/2. Let r be (-2808)/(-168) - (-4)/(-14)*-1. What is the greatest common factor of l and r?
17
Let b be (-1)/(((-6)/(-5 + -1))/(-6)). What is the highest common divisor of b and 1074?
6
Let g be 1/2*(0 + 0). Suppose -15*n + 54*n - 273 = g. Let m be (-10)/3*84/(-5). Calculate the greatest common factor of n and m.
7
Let j be (-25920)/504*7/(-2). Calculate the highest common divisor of j and 468.
36
Suppose -26*l = -28*l + 46. Calculate the greatest common factor of 437 and l.
23
Let m = -381 + 393. Suppose 7*t + 60 = 5*h + 3*t, -3*t - m = -h. What is the greatest common factor of 32 and h?
4
Suppose 2*z - 7*z - 5 = 0. Let n = 19 + z. Let q be (24/10)/(n/45). What is the highest common divisor of 15 and q?
3
Let k = -35 - -2. Let x be k/44*2*-2. Let w(r) = 8*r - 6. Let l be w(x). Calculate the highest common divisor of l and 144.
18
Let u be 6/(-8) + ((-2502)/(-72) - -10). Let f = 131 + 133. Calculate the highest common factor of u and f.
44
Let r = -323 + 198. Let f = r - -174. Calculate the highest common factor of 98 and f.
49
Suppose -5*j + 4*c - 8 + 2 = 0, 0 = 4*j + 2*c - 16. Let u = 905 + -700. Let n be (-2)/6*j + u/15. Calculate the greatest common factor of 52 and n.
13
Let f be 13 + (608 - (-29 + 13)). What is the highest common factor of 169 and f?
13
Suppose -13*w = -7*w - 19*w + 507. Calculate the greatest common factor of w and 2392.
13
Let q be (7 - ((-56)/(-16) - -6))/((-4)/32976). Calculate the greatest common divisor of 30 and q.
30
Let g = -200 + 102. Let p be (g*4/8)/(-1). Suppose 4335 = -13*x + 6883. What is the highest common factor of p and x?
49
Let s(t) = -2 + 2 + 7*t + t**2 + 8 + t**2. Let b be s(-2). Suppose b*r + 23 = 85. Calculate the greatest common factor of 217 and r.
31
Let k = 890 - 206. Suppose 0 = 19*u - 25*u + k. What is the highest common divisor of 152 and u?
38
Let n = -22091 - -22157. Calculate the highest common factor of n and 158.
2
Let k(t) = 2*t - 16. Suppose 4*z = -2*z + 54. Let j be k(z). Suppose -j + 10 = 4*r. Calculate the greatest common factor of 8 and r.
2
Suppose 2830*x - 2834*x - p + 45 = 0, -3*p - 35 = -5*x. Let a = -3 - -13. Calculate the greatest common divisor of x and a.
10
Let y = -2595 - -5007. What is the greatest common factor of y and 36?
36
Let h = -106 - -223. Suppose r - 59 = -c, -3*c = -4*r - 102 - 117. Calculate the highest common divisor of c and h.
13
Let v(t) = -87*t - 29. Let y(n) = -n**2 + 14*n + 30. Let g be y(16). Let b be v(g). Calculate the highest common factor of 58 and b.
29
Suppose -3*h - 156 = -4*g, -3*h + 0*h = -g + 30. Let l be (-25)/(-15)*(-414)/(-115). What is the highest common divisor of g and l?
6
Suppose c = -7 + 54. Let j = -1464625 - -1464766. Calculate the highest common divisor of c and j.
47
Suppose 31*g + 149*g = 9360. Calculate the greatest common divisor of g and 1053.
13
Suppose 2*u = -2*r - 6, -3*r = 2*u + r. Let x be (-2)/((-2316)/(-387) + u). What is the highest common divisor of 6 and x?
3
Let c(j) = j**3 + 6*j**2 - 5*j - 26. Let i be c(-6). Suppose -3*a - 3*f = -6, -2*a = -a + 4*f + i. Calculate the highest common divisor of a and 36.
4
Suppose -10*n + 8*n + 2*d + 14 = 0, -2*n + 5*d = -8. Let x(p) = 51*p - 1. Let g be x(3). Let a = -89 + g. What is the greatest common divisor of a and n?
9
Let h be 1/(-2) + 2440/16. What is the highest common divisor of 64 and h?
8
Suppose 3*g - 5*p = 15 + 1, 2*g - 6 = p. Let u(v) = -2*v**2 + 0*v + 0*v + v + 7*v**2 + 2. Let o be u(g). Calculate the highest common factor of o and 16.
8
Suppose -317 = 21*d + 124. Let s(u) = -u**2 - 17*u + 108. Let m be s(d). What is the greatest common factor